{"id":2897,"date":"2024-02-29T19:53:44","date_gmt":"2024-02-29T18:53:44","guid":{"rendered":"https:\/\/www.petitsanimauxvaud.ch\/?page_id=2897"},"modified":"2024-03-01T10:58:28","modified_gmt":"2024-03-01T09:58:28","slug":"lapins","status":"publish","type":"page","link":"https:\/\/www.petitsanimauxvaud.ch\/?page_id=2897","title":{"rendered":"Lapins"},"content":{"rendered":"\n<div class=\"wp-block-cover has-parallax\"><span aria-hidden=\"true\" class=\"wp-block-cover__background has-background-dim\"><\/span><div role=\"img\" class=\"wp-block-cover__image-background wp-image-2769 has-parallax\" style=\"background-position:50% 50%;background-image:url(https:\/\/www.petitsanimauxvaud.ch\/wp-content\/uploads\/2021\/07\/4124F4D4-0A38-473F-AD86-3EFBE34C4190_1_105_c-e1626340512430.jpeg)\"><\/div><div class=\"wp-block-cover__inner-container is-layout-constrained wp-block-cover-is-layout-constrained\">\n<p class=\"has-text-align-center has-black-color has-text-color has-link-color wp-elements-ea7b0cbebaaba2752408766479500179\" style=\"font-size:70px\"><\/p>\n<\/div><\/div>\n\n\n\n<hr class=\"wp-block-separator has-alpha-channel-opacity\"\/>\n\n\n\n<div style=\"height:100px\" aria-hidden=\"true\" class=\"wp-block-spacer\"><\/div>\n\n\n\n<h2 class=\"wp-block-heading\">Formations diverses<\/h2>\n\n\n\n<p>Actuellement aucun cours en terre vaudoise<\/p>\n\n\n\n<div style=\"height:100px\" aria-hidden=\"true\" class=\"wp-block-spacer\"><\/div>\n\n\n\n<h2 class=\"wp-block-heading\">Actualit\u00e9<\/h2>\n\n\n\n<p>Retrouvez toutes les actualit\u00e9s sur lite site de Petits Animaux Suisse section lapin en cliquant sur le lien ci-dessous!<\/p>\n\n\n\n<div class=\"wp-block-buttons is-content-justification-center is-layout-flex wp-container-core-buttons-layout-1 wp-block-buttons-is-layout-flex\">\n<div class=\"wp-block-button has-custom-width wp-block-button__width-50 has-custom-font-size is-style-outline has-small-font-size\"><a class=\"wp-block-button__link wp-element-button\" href=\"https:\/\/www.kleintiere-schweiz.ch\/index.cfm?Nav=201\" style=\"border-radius:100px\" target=\"_blank\" rel=\"noreferrer noopener\">Lapins de race Suisse<\/a><\/div>\n<\/div>\n\n\n\n<div style=\"height:100px\" aria-hidden=\"true\" class=\"wp-block-spacer\"><\/div>\n\n\n\n<h2 class=\"wp-block-heading\">Dates \u00e0 retenir<\/h2>\n\n\n\n<p>25 au 27 octobre 2024 : Exposition cantonale neuch\u00e2teloise au Ponts-de-Martel<\/p>\n\n\n\n<p>23 et 24 novembre 2024 : Exposition cantonale vaudoise \u00e0 Chavornay<\/p>\n\n\n\n<p>Du 24 au 26 janvier 2025 : Nationale des m\u00e2les \u00e0 Winterthur<\/p>\n\n\n\n<p><\/p>\n\n\n\n<div style=\"height:100px\" aria-hidden=\"true\" class=\"wp-block-spacer\"><\/div>\n\n\n\n<h2 class=\"wp-block-heading\">Normes de d\u00e9tention<\/h2>\n\n\n\n<figure class=\"wp-block-gallery has-nested-images columns-default is-cropped wp-block-gallery-1 is-layout-flex wp-block-gallery-is-layout-flex\">\n<figure class=\"wp-block-image size-full\"><img loading=\"lazy\" decoding=\"async\" width=\"905\" height=\"497\" data-id=\"2931\" src=\"https:\/\/www.petitsanimauxvaud.ch\/wp-content\/uploads\/2024\/03\/Capture-decran-2024-03-01-064440.png\" alt=\"\" class=\"wp-image-2931\" srcset=\"https:\/\/www.petitsanimauxvaud.ch\/wp-content\/uploads\/2024\/03\/Capture-decran-2024-03-01-064440.png 905w, https:\/\/www.petitsanimauxvaud.ch\/wp-content\/uploads\/2024\/03\/Capture-decran-2024-03-01-064440-300x165.png 300w, https:\/\/www.petitsanimauxvaud.ch\/wp-content\/uploads\/2024\/03\/Capture-decran-2024-03-01-064440-768x422.png 768w\" sizes=\"(max-width: 905px) 100vw, 905px\" \/><\/figure>\n<\/figure>\n\n\n\n<figure class=\"wp-block-image size-full\"><img loading=\"lazy\" decoding=\"async\" width=\"913\" height=\"193\" src=\"https:\/\/www.petitsanimauxvaud.ch\/wp-content\/uploads\/2024\/03\/Capture-decran-2024-03-01-064453-1.png\" alt=\"\" class=\"wp-image-2933\" srcset=\"https:\/\/www.petitsanimauxvaud.ch\/wp-content\/uploads\/2024\/03\/Capture-decran-2024-03-01-064453-1.png 913w, https:\/\/www.petitsanimauxvaud.ch\/wp-content\/uploads\/2024\/03\/Capture-decran-2024-03-01-064453-1-300x63.png 300w, https:\/\/www.petitsanimauxvaud.ch\/wp-content\/uploads\/2024\/03\/Capture-decran-2024-03-01-064453-1-768x162.png 768w\" sizes=\"(max-width: 913px) 100vw, 913px\" \/><\/figure>\n\n\n\n<div style=\"height:100px\" aria-hidden=\"true\" class=\"wp-block-spacer\"><\/div>\n\n\n\n<h2 class=\"wp-block-heading\">PDF \u00e0 t\u00e9l\u00e9charger<\/h2>\n\n\n\n<p>Aide-m\u00e9moire sur l&rsquo;\u00e9levage de lapins <a href=\"https:\/\/www.petitsanimauxvaud.ch\/telechargement\/Aide-memoire-lapins.pdf\" data-type=\"link\" data-id=\"https:\/\/www.petitsanimauxvaud.ch\/telechargement\/Aide-memoire-lapins.pdf\">t\u00e9l\u00e9charger<\/a><\/p>\n\n\n\n<p>Dimensions l\u00e9gales <a href=\"https:\/\/www.petitsanimauxvaud.ch\/telechargement\/Dimensions_legales_lapins.pdf\" data-type=\"link\" data-id=\"https:\/\/www.petitsanimauxvaud.ch\/telechargement\/Dimensions_legales_lapins.pdf\">t\u00e9l\u00e9charger<\/a><\/p>\n\n\n\n<p><\/p>\n","protected":false},"excerpt":{"rendered":"<p>Formations diverses Actuellement aucun cours en terre vaudoise Actualit\u00e9 Retrouvez toutes les actualit\u00e9s sur lite site de Petits Animaux Suisse section lapin en cliquant sur le lien ci-dessous! Dates \u00e0 retenir 25 au 27 octobre 2024 : Exposition cantonale neuch\u00e2teloise au Ponts-de-Martel 23 et 24 novembre 2024 : Exposition cantonale vaudoise \u00e0 Chavornay Du 24 [&hellip;]<\/p>\n","protected":false},"author":1,"featured_media":0,"parent":0,"menu_order":0,"comment_status":"closed","ping_status":"closed","template":"page-without-sidebar.php","meta":{"footnotes":""},"_links":{"self":[{"href":"https:\/\/www.petitsanimauxvaud.ch\/index.php?rest_route=\/wp\/v2\/pages\/2897"}],"collection":[{"href":"https:\/\/www.petitsanimauxvaud.ch\/index.php?rest_route=\/wp\/v2\/pages"}],"about":[{"href":"https:\/\/www.petitsanimauxvaud.ch\/index.php?rest_route=\/wp\/v2\/types\/page"}],"author":[{"embeddable":true,"href":"https:\/\/www.petitsanimauxvaud.ch\/index.php?rest_route=\/wp\/v2\/users\/1"}],"replies":[{"embeddable":true,"href":"https:\/\/www.petitsanimauxvaud.ch\/index.php?rest_route=%2Fwp%2Fv2%2Fcomments&post=2897"}],"version-history":[{"count":21,"href":"https:\/\/www.petitsanimauxvaud.ch\/index.php?rest_route=\/wp\/v2\/pages\/2897\/revisions"}],"predecessor-version":[{"id":2993,"href":"https:\/\/www.petitsanimauxvaud.ch\/index.php?rest_route=\/wp\/v2\/pages\/2897\/revisions\/2993"}],"wp:attachment":[{"href":"https:\/\/www.petitsanimauxvaud.ch\/index.php?rest_route=%2Fwp%2Fv2%2Fmedia&parent=2897"}],"curies":[{"name":"wp","href":"https:\/\/api.w.org\/{rel}","templated":true}]}}